sands digit of 81925585?
9
What is the hundreds digit of 1559730290?
2
What is the units digit of 2614761814?
4
What is the hundred thousands digit of 8124808?
1
What is the hundred thousands digit of 1815925596?
9
What is the millions digit of 102854595?
2
What is the millions digit of 447099230?
7
What is the hundreds digit of 601441665?
6
What is the millions digit of 634220845?
4
What is the units digit of 466648?
8
What is the thousands digit of 325158396?
8
What is the hundreds digit of 4599135?
1
What is the hundreds digit of 774731867?
8
What is the hundreds digit of 40837206?
2
What is the units digit of 55040517?
7
What is the thousands digit of 90823872?
3
What is the tens digit of 250216707?
0
What is the ten millions digit of 172939742?
7
What is the hundred thousands digit of 49207950?
2
What is the thousands digit of 21706738?
6
What is the millions digit of 632995557?
2
What is the thousands digit of 290304274?
4
What is the hundred thousands digit of 2274121?
2
What is the thousands digit of 2691141587?
1
What is the ten thousands digit of 73729773?
2
What is the hundred thousands digit of 32279809?
2
What is the millions digit of 335452544?
5
What is the ten millions digit of 4504110132?
0
What is the units digit of 426030344?
4
What is the ten thousands digit of 3926253551?
5
What is the ten millions digit of 71236638?
7
What is the millions digit of 909403956?
9
What is the millions digit of 384039616?
4
What is the hundreds digit of 4369753079?
0
What is the ten thousands digit of 4400995287?
9
What is the thousands digit of 10706969?
6
What is the ten thousands digit of 65014055?
1
What is the units digit of 645603738?
8
What is the millions digit of 178949431?
8
What is the units digit of 12781622?
2
What is the millions digit of 877900319?
7
What is the hundreds digit of 32449568?
5
What is the hundred thousands digit of 340235423?
2
What is the hundred thousands digit of 5534246205?
2
What is the units digit of 21849527?
7
What is the ten thousands digit of 112987097?
8
What is the units digit of 5395685?
5
What is the ten millions digit of 229501223?
2
What is the thousands digit of 519827320?
7
What is the hundred thousands digit of 624432365?
4
What is the units digit of 33680981?
1
What is the tens digit of 118536079?
7
What is the millions digit of 7936883469?
6
What is the ten millions digit of 32023362?
3
What is the ten millions digit of 45163541?
4
What is the tens digit of 3767479?
7
What is the units digit of 82799075?
5
What is the thousands digit of 857762519?
2
What is the thousands digit of 1395691122?
1
What is the hundred thousands digit of 2573734037?
7
What is the hundreds digit of 20158009?
0
What is the tens digit of 223780523?
2
What is the hundred millions digit of 1984918866?
9
What is the hundred thousands digit of 3304828?
3
What is the thousands digit of 2697946288?
6
What is the ten millions digit of 329765575?
2
What is the hundred thousands digit of 248639354?
6
What is the ten millions digit of 67414550?
6
What is the units digit of 55681003?
3
What is the billions digit of 3427955208?
3
What is the hundred thousands digit of 18958811?
9
What is the hundred millions digit of 4271502988?
2
What is the tens digit of 118884333?
3
What is the units digit of 84307553?
3
What is the tens digit of 241717633?
3
What is the millions digit of 48032945?
8
What is the units digit of 7404523150?
0
What is the ten millions digit of 173077375?
7
What is the hundred thousands digit of 59942284?
9
What is the hundreds digit of 35836116?
1
What is the hundred thousands digit of 80763085?
7
What is the hundreds digit of 9245685?
6
What is the tens digit of 15479510?
1
What is the thousands digit of 1060002733?
2
What is the hundred thousands digit of 37655211?
6
What is the ten thousands digit of 5378505?
7
What is the thousands digit of 49954811?
4
What is the ten thousands digit of 100185322?
8
What is the hundred millions digit of 708458205?
7
What is the ten millions digit of 480125335?
8
What is the ten thousands digit of 96193649?
9
What is the hundred thousands digit of 401039365?
0
What is the tens digit of 57245962?
6
What is the hundred millions digit of 1158166236?
1
What is the ten thousands digit of 49895568?
9
What is the thousands digit of 51490023?
0
What is the thousands digit of 163127102?
7
What is the millions digit of 18194003?
8
What is the ten thousands digit of 40209644?
0
What is the tens digit of 253646540?
4
What is the hundreds digit of 516421511?
5
What is the hundreds digit of 6701016034?
0
What is the thousands digit of 485540668?
0
What is the ten thousands digit of 59800391?
0
What is the millions digit of 398746129?
8
What is the hundred thousands digit of 3067587211?
5
What is the billions digit of 9211556326?
9
What is the hundred thousands digit of 565666584?
6
What is the ten millions digit of 2466776930?
6
What is the tens digit of 31968957?
5
What is the thousands digit of 74696311?
6
What is the tens digit of 11194422?
2
What is the hundred millions digit of 402579542?
4
What is the units digit of 50962548?
8
What is the millions digit of 1442404556?
2
What is the units digit of 199136127?
7
What is the units digit of 1155813669?
9
What is the millions digit of 486573328?
6
What is the millions digit of 259004066?
9
What is the hundred thousands digit of 66114954?
1
What is the hundreds digit of 40969803?
8
What is the thousands digit of 159260372?
0
What is the units digit of 1077746071?
1
What is the hundreds digit of 97233872?
8
What is the tens digit of 2445869473?
7
What is the tens digit of 265570236?
3
What is the millions digit of 2143343669?
3
What is the hundred millions digit of 428062619?
4
What is the hundreds digit of 13495542?
5
What is the tens digit of 95850407?
0
What is the ten thousands digit of 14440046?
4
What is the billions digit of 2835487238?
2
What is the hundred millions digit of 2081371893?
0
What is the ten millions digit of 1698639108?
9
What is the hundred millions digit of 128561463?
1
What is the hundred thousands digit of 163607278?
6
What is the millions digit of 315920198?
5
What is the ten thousands digit of 41953248?
5
What is the ten thousands digit of 835996817?
9
What is the units digit of 87233028?
8
What is the hundreds digit of 1322516362?
3
What is the thousands digit of 41125597?
5
What is the units digit of 78752613?
3
What is the tens digit of 379394291?
9
What is the thousands digit of 931959833?
9
What is the hundreds digit of 42316207?
2
What is the millions digit of 24268581?
4
What is the hundred thousands digit of 2819172102?
1
What is the units digit of 30729477?
7
What is the ten millions digit of 697512107?
9
What is the thousands digit of 670422589?
2
What is the thousands digit of 1943464872?
4
What is the thousands digit of 1035344103?
4
What is the hundred millions digit of 138105342?
1
What is the millions digit of 30215688?
0
What is the tens digit of 60969128?
2
What is the millions digit of 431038074?
1
What is the units digit of 445314012?
2
What is the ten millions digit of 29246471?
2
What is the tens digit of 765446594?
9
What is the ten millions digit of 6724994154?
2
What is the hundreds digit of 98792043?
0
What is the ten millions digit of 615441992?
1
What is the ten millions digit of 59220636?
5
What is the millions digit of 2511985032?
1
What is the units digit of 35427054?
4
What is the millions digit of 1091212438?
1
What is the units digit of 1597346737?
7
What is the hundred thousands digit of 315861687?
8
What is the hundreds digit of 344705725?
7
What is the units digit of 532846915?
5
What is the billions digit of 3944800161?
3
What is the ten millions digit of 34546340?
3
What is the ten millions digit of 300660824?
0
What is the ten millions digit of 99223477?
9
What is the tens digit of 51652818?
1
What is the units digit of 6036043339?
9
What is the millions digit of 23591778?
3
What is the hundred millions digit of 645889635?
6
What is the ten millions digit of 1485823629?
8
What is the hundreds digit of 2327564?
5
What is the hundred thousands digit of 50086159?
0
What is the units digit of 31163569?
9
What is the millions digit of 735766016?
5
What is the thousands digit o